 136 + 2 - (r - 2).
2, 5, 7
What are the prime factors of ((-1)/5)/(-3 + 145640/48550)?
971
Let c(i) = 2*i**2 - 43*i - 2. What are the prime factors of c(29)?
433
Let n(d) = 2*d**2 + 43*d + 5. Let t(i) = i**2 + 21*i + 2. Let j(q) = 4*n(q) - 9*t(q). What are the prime factors of j(-6)?
2, 17
Let u = 1491 - 797. What are the prime factors of u?
2, 347
Suppose 3*v + u - 11 = 0, 0 = 3*v - 5*v - u + 8. List the prime factors of v/(2/7 + 561/(-2184)).
2, 13
Let c(f) = 12*f - 1. Let a(m) = 7*m + 1. Let o be a(1). List the prime factors of c(o).
5, 19
Let q(p) = 2*p**2 - 3*p + 5. Let b be q(5). Suppose 0*n = -2*n + b. Suppose -5*i = -6*i + n. What are the prime factors of i?
2, 5
Suppose -h + 4*h = 6. What are the prime factors of h - (1 - -2)*-7?
23
Let b = 49 - 69. What are the prime factors of ((-504)/20)/(6/b)?
2, 3, 7
What are the prime factors of (-4 - (-3628)/(-16))/(12/(-48))?
13, 71
Let z(i) = -9*i**3 - 2*i**2. Let w be 14/(-8) - 19/76. List the prime factors of z(w).
2
Let y = 14 - 47. Let k = y - -81. List the prime factors of k.
2, 3
Let z(y) = -y + 1 + 2*y - 2. Let k(h) = h**2 - 11*h + 31. Let s be k(7). List the prime factors of z(s).
2
Let b = -2 + 4. Let v be (-616)/(-32) + b/(-8). Suppose 18*s - v*s + 13 = 0. What are the prime factors of s?
13
Suppose 2*p + 418 = 4*l - 0*p, -5*p = 2*l - 227. Let v = l + -15. What are the prime factors of v?
7, 13
Suppose 5*g + 4*h + 7 = -8, -4*g - 3*h = 11. Let i(s) = 0 - 5*s**2 - s + 1 + 7*s**2 + 15*s**2. What are the prime factors of i(g)?
17
Let b(a) = 42*a**2 + 4*a + 11. List the prime factors of b(-3).
13, 29
Let w(d) = d**2 + 12*d - 25. Let q be w(-14). Suppose 6*m + 6 = q*m. List the prime factors of 852/16 - m/(-8).
53
List the prime factors of (9877/(-14) + -4)*(-8)/6.
2, 11, 43
Let w be 0/(-1) + (6 - 4). Suppose 0 = 5*y - 3*k - 23, 0 = y + w*y - 4*k - 16. Suppose 2*u + 24 = 2*c + y*u, -c + 22 = -u. List the prime factors of c.
17
Suppose -4*c = -k - 84, 2*c - k = -5*k + 42. Let x(p) = 2*p + 20. Let h be x(-14). Let n = c + h. What are the prime factors of n?
13
List the prime factors of 200/120 + (0 - (-2443)/3).
2, 3, 17
Let q be ((-8592)/(-14) - 2) + (-26)/(-91). Suppose -q = -3*h - h. What are the prime factors of h?
3, 17
Suppose 2*c + 2*c - 12 = 0. Let n be 0 + c + 0 - 0. List the prime factors of 0 + n + 3 + -4.
2
Suppose k = 5*s - 2*s - 4, s - 28 = -5*k. Suppose -s*f = -l - 23, f + 0*l + 2*l - 17 = 0. List the prime factors of f.
3
Let q = 33 - 43. List the prime factors of ((-74)/q - 7)*2230/4.
223
Let g(d) = 2*d - 2. Suppose w - 3*b = 1, 2*b + 2 = 2*w - 12. Suppose -w = -7*m + 2*m. What are the prime factors of g(m)?
2
Let v(f) = -f**3 - 25*f**2 - 24*f - 2. Let r be v(-24). List the prime factors of (-5 - -5) + -3 + r + 159.
2, 7, 11
Suppose 265*u = -3*g + 260*u + 10257, -4*u = 2*g - 6838. What are the prime factors of g?
13, 263
Suppose -14 = 4*i - t, 0 = -2*i - t - 4 - 0. Let o = 9 + i. Suppose x = 12 + o. What are the prime factors of x?
2, 3
Let j be ((-20)/5 + 7)*(-160)/(-6). Let g = j - -120. What are the prime factors of g?
2, 5
Let c(y) = 23*y**2 + 10*y + 3. What are the prime factors of c(3)?
2, 3, 5
Suppose 25*r = 22*r + 57. Suppose -4*a - 33 = u, 3*a - 16 + 47 = -2*u. Let f = r - a. What are the prime factors of f?
2, 13
Let o be 55/10 + (-2)/4. Suppose -5*x + 272 = o*g - g, -g = 4*x - 222. What are the prime factors of x?
2, 7
Let z = -50 - 6. Suppose 0*n = -n + 91. Let o = n + z. List the prime factors of o.
5, 7
Let s(w) = -w**2 + 12*w - 16. Let u be s(10). Suppose -102 = -5*v + 2*v - 3*t, -u*t - 152 = -5*v. List the prime factors of v.
2
Let s(z) = 3*z**2 + 10*z - 360. List the prime factors of s(-20).
2, 5
Let s(r) be the first derivative of r**3/3 + r**2/2 + 223*r + 9. Let t be s(0). Suppose t = 3*m + 22. List the prime factors of m.
67
Let i be (-1)/6 - (-190)/60. Suppose -i*o - 594 = -3*f, 960 = 10*f - 5*f + 5*o. List the prime factors of f.
3, 5, 13
Suppose 4*d + 3*d = 35. Suppose 2*z + d*c = 213, -3*z + 349 = c + 36. What are the prime factors of z?
2, 13
Let v(f) = f - 4. Let p be v(4). Suppose 2*m + 0*n - n = p, -5*m + 2*n = -2. Let c = 4 + m. List the prime factors of c.
2, 3
Let c(o) = o**3 + 35*o**2 + 58*o - 74. What are the prime factors of c(-29)?
2, 5, 7, 47
Let q(v) = v**3 - 6*v**2 - 6*v + 7. Suppose 2*n - 12 = -2*n - 3*a, 0 = 5*n + 3*a - 15. Let i be (-28)/(-4) + n + -3. List the prime factors of q(i).
2, 7
Let v(a) = -3*a**2 + 21*a - 34. What are the prime factors of v(4)?
2
Let g be (12/(-10))/(5 + 53/(-10)). Suppose -48 = -3*v + 3*l, -g*l + 2*l = -4*v + 64. What are the prime factors of v?
2
Suppose -16*w + 4710 = -6*w. List the prime factors of w.
3, 157
Suppose 6 = -m + 4*t - 19, -2*t = -2. Let p = 15 - m. Let b = p - 7. What are the prime factors of b?
29
Suppose 30*j = 38*j + 928. What are the prime factors of (-88)/4*j/8?
11, 29
Let c(q) = -q**3 - 7*q**2 - 6*q - 4. Let k be c(-5). List the prime factors of (-12)/k + (-102)/(-4).
2, 13
Let b = 149 + -102. Suppose 2*p = -3*t + 7*t + 56, 3*t - 4*p + b = 0. List the prime factors of (-6)/(-15) + t/(-5).
3
Suppose -4*d = -2*j + 1778, 8*j = 4*j + d + 3542. List the prime factors of j.
3, 5, 59
Suppose -2*w = -6*w. Suppose 15 + w = 3*h. Suppose -h*y + 165 = -0*y. What are the prime factors of y?
3, 11
Let v = 1265 - 623. Let l be 10/45 + v/27. Let m = 84 - l. What are the prime factors of m?
2, 3, 5
List the prime factors of 630/(-198) + 4/22 - -24.
3, 7
Let s = -9 + 12. Suppose -2*v - 3*d = -122 - 70, -s*d = -3*v + 288. Suppose 0 = 3*c - 9 - v. List the prime factors of c.
5, 7
Let z = -119 + 196. Let h = -34 + z. Let d = 81 - h. What are the prime factors of d?
2, 19
What are the prime factors of -3908*3/(-36)*(-1 - -7)?
2, 977
Let q(o) = o**2 - 4*o + 1. Let k be q(2). Let u be (-4)/2*k/2. Suppose 0 = u*y + y - 68. What are the prime factors of y?
17
Let s(b) = -5*b + 21. Let y be s(5). What are the prime factors of (-4)/y + 2 + 2*9?
3, 7
Let y = -8 + -20. Let o = y + 130. Suppose 4*x = -5*j + o, -4*x + x = 5*j - 74. List the prime factors of x.
2, 7
List the prime factors of (1*-1)/(7 + 67966/(-9707)).
571
Let b = -4085 + 8621. What are the prime factors of b?
2, 3, 7
Let j = 20 - -62. Let y = 192 - j. List the prime factors of y.
2, 5, 11
Suppose -10 = 5*l, -4*f - 3*l - 412 = l. Let u = f + 149. What are the prime factors of u?
2, 3
Let z(g) = -13*g - 20. Let r(d) = 2*d**2 - 45*d + 17. Let p be r(22). What are the prime factors of z(p)?
3, 5
Let t = -78 + 178. Let u = 4 + t. What are the prime factors of u?
2, 13
Suppose 0 = -2*l + 3*l - 88. Let g = 111 - l. What are the prime factors of g?
23
Let g be (-1)/(125/(-40) + 3). Let z = 55 - g. What are the prime factors of z?
47
Let p be 5/(-40)*-12*16/(-6). What are the prime factors of (-2)/p + (765/6 - -6)?
2, 67
Suppose 4 = 4*r - 2*r. Suppose 0 = 4*f - w - 113, 2*w + r*w = 4*f - 104. Suppose 4*q - 119 - f = 0. List the prime factors of q.
37
What are the prime factors of (-20104)/(-8) - (4 + -13)?
2, 13, 97
Suppose -f - 12 = -5*f. Suppose -s + f*s = 136. What are the prime factors of s?
2, 17
Suppose 0 = -81*o + 24890 + 94828. List the prime factors of o.
2, 739
Suppose 5*i = 2*i - 5*u + 11, 2*i - 18 = 2*u. Let x be ((-3)/6)/(2/(-104)). Suppose -m - i = -x. What are the prime factors of m?
19
Let s = 3 + -9. Let v(c) = -c**3 - 7*c**2 - 9*c - 5. Let k be v(s). Suppose 4*l = 5*t - 35, 4*l = -7 - k. List the prime factors of t.
3
Suppose -3*x + 4*v - 10 = -214, -2*x + 5*v + 143 = 0. Suppose 2*n = 6*n - x. Let s = 86 - n. What are the prime factors of s?
2, 5, 7
Let s(y) = y**3 + 3*y**2 + 9*y + 7. List the prime factors of s(7).
2, 5, 7
Let x(f) be the third derivative of -1/120*f**6 - 7/24*f**4 + 1/10*f**5 + 2*f**3 - 8*f**2 + 0 + 0*f. List the prime factors of x(5).
2
Let y = -2812 + 5187. What are the prime factors of y?
5, 19
Let g(d) = 2*d**3 - 22*d**2 - 16*d - 56. List the prime factors of g(16).
2, 281
Suppose z - 711 = 5*a, -3*z - 11*a = -8*a - 2205. What are the prime factors of z?
17, 43
Let t be 4 + (-94 - 0 - 0/2). Let m = t - -333. What are the prime factors of m?
3
Let u(q) = q**2 + 0*q - 3*q + 3 - q. Let g be u(7). Suppose 2*h = -2*n + 24, -2*n + 4*h = 3*h - g. List the prime factors of n.
2, 3
Let h = 6267 - 4388. Suppose -33 = 13